= -4*w. What are the prime factors of w?
13
Suppose -3*k = -j - 281, -218 = 4*k - 5*j - 578. List the prime factors of k.
5, 19
Let w(j) = 59*j**3 + 2*j**2 - 1. Let u be w(1). Suppose k - u = -k. Suppose k = -4*b + 106. List the prime factors of b.
19
Suppose -6*v + y + 4 = -2*v, -3*y = 3*v - 18. Let f be ((-24)/(-18))/(v/3). Suppose 3*o - 1 - 9 = -f*q, -7 = -3*o - 5*q. List the prime factors of o.
2
Let f = -18 + 34. List the prime factors of f.
2
Suppose 0 = -w + 3, 0*w - 322 = -5*z + w. List the prime factors of z.
5, 13
Let z = 2 + -2. Let p be 0 + 0 + z/4. Suppose p = 5*g - g - 40. List the prime factors of g.
2, 5
Let t be (2 - 1)/(4/20). Let o = -1 + 2. Suppose o = 2*p - t. List the prime factors of p.
3
Suppose 41 + 114 = 5*f. List the prime factors of f.
31
Let d(l) = -8*l - 1. Let u(o) be the first derivative of -2*o**3/3 + 3*o**2/2 - 2. Let x be u(2). What are the prime factors of d(x)?
3, 5
Let n be 62/(2/12*-4). Let i = -44 - n. List the prime factors of i.
7
Let a(m) = -m**2 + m + 4. Let p be a(0). Suppose 0*v + 3*z = p*v - 93, 0 = 4*v + 3*z - 75. What are the prime factors of v?
3, 7
Suppose 0 = 5*h + a - 167, -3*a = -4*a - 3. What are the prime factors of h?
2, 17
Let a = 10 - 4. Suppose 0 = c + 3*k, 26 = 3*c - 5*k + k. Let t = c + a. What are the prime factors of t?
2, 3
Let l = 10 + -6. Suppose -46 = -l*x - 14. What are the prime factors of x?
2
Suppose -45 = -7*q + 4*q. List the prime factors of q.
3, 5
Let o(w) = -w**3 - 7*w**2 - 5*w + 7. Let a = -16 - -10. Let d be o(a). List the prime factors of ((-2)/(-2))/(d/11).
11
Let y(z) = z - 5. Let f be y(0). Let m(x) = x**3 + 4*x**2 - 4*x + 5. Let a be m(f). Suppose a = -d + 5. What are the prime factors of d?
5
Let a = -23 + 18. Suppose 3*n - 30 = -3*j, 7*j - 2*j - 38 = -2*n. What are the prime factors of (a + j)*(1 + 4)?
5
Suppose 13 = -5*i - 2. Let x(s) = 2*s + 2. Let q be x(i). Let b = 6 - q. List the prime factors of b.
2, 5
Suppose -5*w + 5*g = -75, 3*g = -w - 0*g + 35. List the prime factors of w.
2, 5
Let d(a) = -a**2 + 8*a - 3. Let r be d(6). Let i = r - 7. What are the prime factors of i?
2
Suppose 0 = 3*q - 4*q + 49. List the prime factors of q.
7
Let g = -1 - -93. List the prime factors of g.
2, 23
Suppose -5*f = 2*p - 20, 0*f - 2*f = 3*p - 19. Suppose 52 = -u + p*u. What are the prime factors of u?
13
Let i = -30 - -48. What are the prime factors of i?
2, 3
Let i = 86 + 4. What are the prime factors of i?
2, 3, 5
Suppose 0 = -0*q + 3*q - 138. List the prime factors of q.
2, 23
What are the prime factors of 1/(2/(-8)) + 121 + 19?
2, 17
Suppose -3*h + 796 = -5*w, 4*w - 2*h + 3*h = -630. List the prime factors of 6/24 + w/(-8).
2, 5
Let f(o) = 2*o**3 + o**2 + 21*o - 27. Let n(i) = -i**3 - 10*i + 13. Let p(c) = 6*f(c) + 13*n(c). Suppose 2*t + 6 = 16. List the prime factors of p(t).
2, 3
Let d(q) = 6*q**2 - 3*q + 19. List the prime factors of d(3).
2
Suppose -k + 0*k - 9 = -o, -4*o = -5*k - 41. Suppose -b = -o - 4. What are the prime factors of b?
2
Let b(w) = -3*w - 3. Let x be b(-2). Suppose -x*l - 11 = s - 4, -4*s = 5*l + 14. List the prime factors of s + 15 + -5 + 8.
17
Let r = 235 + -42. List the prime factors of r.
193
Let d(t) be the third derivative of t**4/8 - 13*t**3/6 + 6*t**2. What are the prime factors of d(9)?
2, 7
List the prime factors of (-1)/(1 + (-108)/106).
53
What are the prime factors of (-8)/(-12) - (578/(-6) + 2)?
5, 19
Let w(t) = t**2 + 9*t + 1. Let b be w(-11). Suppose -20*y = -b*y + 153. List the prime factors of y.
3, 17
Let f(n) = n**2 - 5*n - 5. What are the prime factors of f(9)?
31
Suppose 36 = -3*t + t. Let b be 50/18 + (-4)/t. Suppose -b*h + 2 = -4. What are the prime factors of h?
2
Let u(p) = -17*p + p**2 + 3 + 0*p**2 + 5*p. What are the prime factors of u(12)?
3
Let w(f) be the first derivative of f**2 - 5*f - 2. What are the prime factors of w(7)?
3
Suppose -5*t - 12 = -2*t. Let q(z) = z**2 + z + 4. What are the prime factors of q(t)?
2
Suppose -2*k = l + 13, 5*l + 3*k + 41 = -k. Let n(m) = m**2 + m - 3. What are the prime factors of n(l)?
17
Let v = -7 - -11. Suppose 4*g + 2 = v*u - 26, 0 = -2*u + g + 14. What are the prime factors of u?
7
Let d be 8/5*(-5)/(-2). Suppose 2*n + 4*t = 4, 2*t - 4*t - 8 = -d*n. Suppose -i = -c - n*i + 15, -3*i = c - 23. What are the prime factors of c?
11
Suppose 0 = -4*v + v - 18. Let n(w) = -w**3 - 5*w**2 + 7*w + 9. Let k be n(v). Suppose -2*l - k*l = i - 22, -l + 20 = -5*i. List the prime factors of l.
5
Suppose 2*v = -0 - 2. Let r = v + 1. Suppose r = 4*a - 3*a - 9. What are the prime factors of a?
3
Let y(h) = -6*h - 87. List the prime factors of y(-21).
3, 13
List the prime factors of -1 + (16/1 - -1).
2
Suppose 2*z - 260 = -28. List the prime factors of z.
2, 29
Let l be ((-6)/18)/((-1)/9). Suppose l*x = 6 + 21. Suppose x + 8 = h. List the prime factors of h.
17
Let n(g) be the second derivative of -g**4/12 + 7*g**3/6 + g**2/2 + 4*g. What are the prime factors of n(3)?
13
What are the prime factors of (61 + -1)*(-24)/(-60)?
2, 3
List the prime factors of (-366)/(-12)*(2 + 0).
61
Suppose -8*j + 69 + 163 = 0. What are the prime factors of j?
29
Let t be (5/(-2) + 0)*-4. Let x be 0/(-4) - 2 - (-4 + 6). Let w = t + x. What are the prime factors of w?
2, 3
Suppose -21 = -c - 4*h, 5*c + 18 - 69 = -2*h. List the prime factors of c.
3
Let p be (4 + -3)/(2/8). Let d = p + -1. Suppose 5*t - 12 = d*t. List the prime factors of t.
2, 3
List the prime factors of -2*2/(-18) - (-12840)/54.
2, 7, 17
Let i = -12 - -19. What are the prime factors of i?
7
Let y = 8 + -5. Let x be (((-9)/(-3))/y)/1. What are the prime factors of 5 + 5 - 2*x?
2
Suppose 152 = 2*k - 5*y, 0 = 2*y + y. List the prime factors of k.
2, 19
Let r = 6 + -7. List the prime factors of r/3 + (-68)/(-6).
11
Let z = 29 - 17. Suppose 0*b = b - z. What are the prime factors of b?
2, 3
Let u be (-9)/6*40/(-3). Suppose 3*z = 7*z - u. Suppose 52 + 8 = z*r. List the prime factors of r.
2, 3
Suppose -4 = 2*z, -2*n - z + 0*z = -12. Let y(w) = -w**2 + 9*w - 8. List the prime factors of y(n).
2, 3
Let y = -27 - -40. Suppose 0 = -3*b, 3*t - y - 5 = 3*b. Suppose 0 = -t*l + 2*l + 12. List the prime factors of l.
3
Let h = 18 - 20. Let l(u) = -3*u**3 - u**2 - 2. What are the prime factors of l(h)?
2, 3
Suppose 2*h - 2*m - 116 = 0, 0 = m + m + 10. Let r = h - 32. List the prime factors of r.
3, 7
Let g(p) = 3*p**2 + 14*p - 9. List the prime factors of g(-7).
2, 5
Let y(o) = 4*o + 3. Let s(p) = -p - 1. Let x(t) = s(t) + y(t). List the prime factors of x(4).
2, 7
Let u(x) = -x**3 - 4*x**2 + 4*x. Let i(p) = -p**2 + 8*p - 7. Let q be i(7). Suppose s = -5 - q. What are the prime factors of u(s)?
5
Let i be ((-3)/(-2))/((-6)/(-108)). Suppose 4*x - 99 = -i. What are the prime factors of x?
2, 3
What are the prime factors of (-177)/(-9) + (-6)/9?
19
Let f(q) = -20*q**3 - q**2 + 1. What are the prime factors of f(-1)?
2, 5
List the prime factors of (-12)/18 - 32/(-3).
2, 5
Let q(s) = 3 + 15*s**2 + s**3 + 3*s**3 - 13*s + 0*s - 1. Let g(p) = 3*p**3 + 10*p**2 - 9*p + 1. Let o(a) = 7*g(a) - 5*q(a). List the prime factors of o(5).
7
Let r(v) = 14*v + 5. What are the prime factors of r(2)?
3, 11
Suppose v + k + 8 = 0, -3*v + 8*v - 2*k + 33 = 0. Let q = v - 10. Let n = -10 - q. List the prime factors of n.
7
Let v(i) = -2*i**3 + 6*i + 1. List the prime factors of v(-4).
3, 5, 7
Let n be -2*(1 + (-66)/4). Suppose -4*f - 2*h + h + n = 0, 3*f = -h + 23. What are the prime factors of f?
2
Let g(m) be the third derivative of 3*m**4/8 - 2*m**2. Suppose -3*u = -0*u - 3. What are the prime factors of g(u)?
3
Let l(c) = -4*c - 15. What are the prime factors of l(-15)?
3, 5
Let x be ((-3)/2)/((-9)/24). Let v = 64 + -120. List the prime factors of ((-2)/x)/(4/v).
7
Suppose 0 = -4*a - 3*y + 8*y + 322, -3*a = 3*y - 228. List the prime factors of a.
2, 3, 13
Let h(s) = -s**3 + 8*s**2 + 0 - 1 + 4 + 4 - 7*s. What are the prime factors of h(7)?
7
Let u = -54 - -76. Let c = u + -10. What are the prime factors of c?
2, 3
Let x(p) = p**2 - 4*p - 8. List the prime factors of x(6).
2
Suppose 6*m = 2*m + 80. Let s = 34 - 20. Let d = m - s. List the prime factors of d.
2, 3
Let g = -26 - 15. Let h = 58 + g. List the prime factors of h.
17
Let t(h) = 24*h - 1. List the prime factors of t(1).
23
Let